2110
In base 7, what is 133 - 16?
114
In base 9, what is -868 + -4?
-873
In base 12, what is -2 - -75?
73
In base 10, what is 228 - -4?
232
In base 7, what is -4 - 4605?
-4612
In base 3, what is -121110 - -1?
-121102
In base 16, what is -4 + -2e?
-32
In base 3, what is -120 + 11011?
10121
In base 16, what is -8f0 - 2?
-8f2
In base 9, what is 12 - -5?
17
In base 3, what is -1221 - -100?
-1121
In base 13, what is -8a3 + 4?
-89c
In base 16, what is -503 - 0?
-503
In base 2, what is 100 - -1110100?
1111000
In base 15, what is 1 + 1?
2
In base 8, what is -5243 + 0?
-5243
In base 11, what is 91 - -1?
92
In base 6, what is 24 + -10113?
-10045
In base 11, what is 31 + -3?
29
In base 4, what is 101 - -22?
123
In base 12, what is 6077 - 1?
6076
In base 7, what is 325 + 22?
350
In base 11, what is -4 + 9?
5
In base 16, what is -2 + 3?
1
In base 16, what is -101 + 0?
-101
In base 11, what is 85 - -32?
107
In base 2, what is 0 + 11011010100?
11011010100
In base 7, what is 516 + -4?
512
In base 12, what is -60 + -3?
-63
In base 13, what is 2 - -9c?
a1
In base 2, what is -101 + -11000111010?
-11000111111
In base 8, what is 3167 + 4?
3173
In base 9, what is 11 + -11?
0
In base 5, what is -33202 - 1?
-33203
In base 7, what is -140 - -2?
-135
In base 12, what is -5 + -197?
-1a0
In base 7, what is -6 - -6?
0
In base 8, what is 2364 + -5?
2357
In base 6, what is 1121 + 5?
1130
In base 8, what is 222 + -1?
221
In base 6, what is -1 + 12?
11
In base 3, what is 100001012 - 12?
100001000
In base 13, what is -1347 + -2?
-1349
In base 11, what is 373 - -6?
379
In base 9, what is -507 + 4?
-503
In base 13, what is 63 + -26?
3a
In base 7, what is -1 + -310?
-311
In base 14, what is 5 + -87?
-82
In base 10, what is -2 + -256?
-258
In base 2, what is -100101011000000 + 0?
-100101011000000
In base 15, what is -5 - -b3?
ad
In base 11, what is 308 + -3?
305
In base 11, what is 1 - 128?
-127
In base 5, what is -10 - -4212?
4202
In base 9, what is -37 - 5?
-43
In base 9, what is 360 - -3?
363
In base 2, what is 0 + 11010110?
11010110
In base 11, what is 3 + -148?
-145
In base 14, what is 2 + -26?
-24
In base 4, what is 10 + -21113?
-21103
In base 15, what is 184 - -7?
18b
In base 16, what is -3 + -18?
-1b
In base 14, what is -1c1 + -4?
-1c5
In base 5, what is -24 + -234?
-313
In base 6, what is -1144 - 15?
-1203
In base 15, what is 6 + -31?
-2a
In base 16, what is 82 - -1?
83
In base 13, what is -1 - -13a?
139
In base 9, what is -5 - 142?
-147
In base 7, what is -1046 + 3?
-1043
In base 9, what is -1 - 82?
-83
In base 6, what is -124 + 330?
202
In base 13, what is 5 - -3225?
322a
In base 8, what is 222 + -4?
216
In base 5, what is -1102140 + 4?
-1102131
In base 8, what is 3 - 637?
-634
In base 5, what is 4 + -1301?
-1242
In base 13, what is -39 - 1?
-3a
In base 11, what is -4 - 1280?
-1284
In base 6, what is -45 - -5?
-40
In base 8, what is 7 + -12?
-3
In base 5, what is -210 - 2?
-212
In base 7, what is -1 + -311?
-312
In base 15, what is 48 + -3a?
d
In base 10, what is -1 + -9?
-10
In base 2, what is 1100101000 + 1?
1100101001
In base 2, what is -10011101 + -1001?
-10100110
In base 5, what is -2 + 13?
11
In base 2, what is -11101001110001 - 1?
-11101001110010
In base 2, what is 1111000101 - -10?
1111000111
In base 5, what is -10 - -1211?
1201
In base 10, what is -98 - -88?
-10
In base 10, what is 31 - -744?
775
In base 13, what is -5 + 2cb4?
2cac
In base 13, what is 137 + 4?
13b
In base 10, what is 1 - 123?
-122
In base 5, what is -24 + -3432?
-4011
In base 12, what is -1 - 1538?
-1539
In base 6, what is -2 - -251?
245
In base 3, what is -22 - 1100?
-1122
In base 6, what is 25 - 31?
-2
In base 5, what is -1032 - 111?
-1143
In base 12, what is 2 - -37?
39
In base 11, what is -1 - 11?
-12
In base 4, what is 123031 - 1?
123030
In base 12, what is -9 + 162?
155
In base 13, what is -222 - 6?
-228
In base 5, what is -103231 + 1?
-103230
In base 15, what is 21e - -13?
232
In base 16, what is 2a - ca?
-a0
In base 9, what is -32 + -46?
-78
In base 13, what is 1c - -8?
27
In base 9, what is 178 + 4?
183
In base 14, what is -21c + -3?
-221
In base 11, what is 6 - 22?
-17
In base 7, what is -4 - 20?
-24
In base 16, what is 196 + 13?
1a9
In base 14, what is 63 - 139?
-b6
In base 16, what is 2 - 2?
0
In base 6, what is -14 + 12?
-2
In base 14, what is -186 - 30?
-1b6
In base 15, what is -3 - -6?
3
In base 3, what is -1 + 10210?
10202
In base 9, what is -103 - 1?
-104
In base 8, what is 2 - 3530?
-3526
In base 2, what is -10101001 - 100?
-10101101
In base 2, what is -11 - 10001111001?
-10001111100
In base 15, what is aa7 + d?
ab5
In base 2, what is 1111101100 + -10?
1111101010
In base 13, what is 4b65 - -4?
4b69
In base 7, what is 3 + -54?
-51
In base 11, what is -122 - 2?
-124
In base 14, what is -5 - -16?
11
In base 4, what is 0 - -111133?
111133
In base 2, what is 1011011010 - -1?
1011011011
In base 6, what is -1345 + -114?
-1503
In base 2, what is 10 + -10010000?
-10001110
In base 16, what is 8df + 5?
8e4
In base 4, what is -1 - 123?
-130
In base 14, what is -2c5 + -5?
-2ca
In base 12, what is 18379 + -3?
18376
In base 3, what is 10020101 + 11?
10020112
In base 10, what is -138 - 37?
-175
In base 2, what is 10001111011000 - -10?
10001111011010
In base 10, what is 13 - 16?
-3
In base 4, what is -113120 + 13?
-113101
In base 11, what is -14 + a9?
95
In base 13, what is 1 + -26?
-25
In base 11, what is -68 - -9?
-5a
In base 2, what is -101 + 1010000110?
1010000001
In base 15, what is ed + -5d?
90
In base 3, what is -1212 + 0?
-1212
In base 5, what is -11324 - -2?
-11322
In base 12, what is -1 - 434?
-435
In base 12, what is -2 + 318?
316
In base 3, what is 0 + 20111?
20111
In base 12, what is 3 - -a8?
ab
In base 2, what is -1011101011 - -101?
-1011100110
In base 6, what is -2 - -1432?
1430
In base 7, what is 1 - 410?
-406
In base 14, what is 48 - -2?
4a
In base 11, what is 291a - 4?
2916
In base 15, what is 0 + 9d?
9d
In base 4, what is -2222101 + 1?
-2222100
In base 10, what is 5 - 1402?
-1397
In base 10, what is 32 - 3?
29
In base 7, what is 3 + -11?
-5
In base 10, what is 5 - -654?
659
In base 6, what is 15 + -145?
-130
In base 16, what is -11 - -1b?
a
In base 5, what is -22101 + 4?
-22042
In base 8, what is 3 - 321?
-316
In base 11, what is -4 + -2?
-6
In base 14, what is 5 + dc?
103
In base 15, what is -9a + 1?
-99
In base 5, what is -121 + -1231?
-1402
In base 2, what is -1110 + -10?
-10000
In base 6, what is 101 - -14?
115
In base 13, what is -39 + 2?
-37
In base 9, what is -4 - 301?
-305
In base 13, what is 8 + -350?
-345
In base 15, what is 1 + -60a?
-609
In base 10, what is -5 - -1037?
1032
In base 2, what is 110 + -10000110?
-10000000
In base 16, what is -318 - 1?
-319
In base 15, what is 1 - -155?
156
In base 14, what is -5 + -31?
-36
In base 13, what is 189 - 5?
184
In base 3, what is -202 - -211?
2
In base 15, what is 2 - 7c?
-7a
In base 14, what is 59 - -3?
5c
In base 9, what is 174 + 61?
245
In base 10, what is 109 - 5?
104
In base 11, what is 2 - -45?
47
In base 2, what is 10111100000000 + 11?
10111100000011
In base 4, what is -1330 - -11?
-1313
In base 15, what is 1b3 + 5?
1b8
In base 12, what is -1 - 293?
-294
In base 7, what is -21 + 5?
-13
In base 16, what is -3cf + 2?
-3cd
In base 12, what is 176 + 4?
17a
In base 10, what is -3 - -41?
38
In base 2, what is 1101 - 111001?
-101100
In base 10, what is 17 + -11?
6
In base 13, what is -134 + 4?
-130
In base 10, what is -250 + 1?
-249
In base 3, what is 222 - -120?
1112
In base 3, what is -100122 + -11?
-100210
In base 12, what is -a6a + 2?
-a68
In base 12, what is 142 + -12?
130
In base 10, what is -59 + 8?
-51
In base 9, what is 47 + -60?
-12
In base 4, what is 0 - -3?
3
In base 3, what is -100102 - 222?
-101101
In base 11, what is -1 + -2627?
-2628
In base 4, what is -13 - 323?
-1002
In base 16, what is -7 + 8a7?
8a0
In base 13, what is -9 - 9?
-15
In base 14, what is -16d + 2?
-16b
In base 3, what is -11 + -2222010?
-2222021
In base 16, what is -3 - 2?
-5
In base 15, what is 2 - -70?
72
In base 9, what is -6218 - 3?
-6222
In base 7, what is -2414 - 10?
-2424
In base 2, what is 1100 + -10110000?
-10100100
In base 10, what is 13 - 1167?
-1154
In base 4, what is 1202 - 1?
1201
In base 7, what is 6 - 34?
-25
In base 16